hen g(p) is divided by 15?
14
Suppose 3 = -6*f + 21. Suppose 6 = h + 3*q, -4*h - 4*q = -f*q + 9. Calculate the remainder when 54 is divided by ((-19)/h)/(10/30).
16
Suppose 4*p = p - 9, -5*p - 15 = 4*b. Suppose 4*s + 0 = 24. Suppose -2*k - k + s = b. Calculate the remainder when 6 is divided by k.
0
Let b = -289 + 378. Calculate the remainder when b is divided by 46.
43
Suppose 3*q = -0*f - 3*f + 72, -4*f + 54 = 2*q. What is the remainder when 58 is divided by q?
16
Let w(k) = -13*k**2 - 67*k + 2. What is the remainder when 36 is divided by w(-5)?
0
Suppose -3 = f + 3*o, -f + 3*f + 4*o + 6 = 0. Let t(y) = -y**2 - 5*y - 3. What is the remainder when 10 is divided by t(f)?
1
Suppose 5*j = -2*p - 7, -4*p + j - 3 = -0*p. What is the remainder when 2 - p - (-64 - 3) is divided by 9?
7
Let a = 55 - 9. Suppose -1513 = 20*o - 3*o. What is the remainder when a is divided by -3 - o/7 - 4/(-14)?
6
Let a(h) = -57*h**3 + h**2 + 3*h + 1. Let c be a(-1). Suppose 2*m - 4*d - c = 0, -2*d - d - 52 = -2*m. Calculate the remainder when 36 is divided by m.
16
Let z be ((-2)/3)/(1/(-39)). Suppose 25*a = z*a - 24. What is the remainder when a is divided by 9?
6
Suppose -12*s - 246 = -714. Calculate the remainder when s is divided by 5.
4
Let p(q) = 12*q. Let d(k) = k**2 + 11*k + 15. Let s be 256/(-18) + 4/18. Calculate the remainder when d(s) is divided by p(1).
9
Let z = 423 + -400. Let k = -157 - -384. Calculate the remainder when k is divided by z.
20
Let k(v) = -v - 10. Let n be k(-14). Let l be (-25)/(-15) - n/6. Calculate the remainder when l*(-2 + 4) - -16 is divided by 11.
7
Suppose 5*c + 11 = 4*h, 0 = 5*h - 2*c - 12 - 6. Let j = 4 + h. Let i(b) = b**3 - 9*b**2 + 9*b - 4. What is the remainder when i(j) is divided by 2?
0
Calculate the remainder when 1/(-5)*6 - (-42336)/280 is divided by 26.
20
Let x(g) = -g**2 + 16*g - 7. Suppose -2*n + 3*n = 0. Suppose 0*f - f + 3*q + 8 = n, -5*q = 4*f - 49. What is the remainder when x(f) is divided by 17?
14
Let h = -46 - -76. Let p(a) be the first derivative of -41*a**2 + 5*a - 1. What is the remainder when p(-1) is divided by h?
27
Let b(a) = a - 10. Let p be b(10). Suppose 3*z + 5*l - 12 = p, 4*z + 2*l + 5 = 35. Calculate the remainder when z is divided by 4/(-10) - 85/(-25)*1.
0
Let f(y) = 2*y - 7. Let x(r) = r - 6. Let a(p) = -3*f(p) + 4*x(p). Let c(j) = 3*j + 4. Let s be c(-5). What is the remainder when 37 is divided by a(s)?
18
Let d(a) = -25*a + 236. Calculate the remainder when 35 is divided by d(9).
2
Suppose 2*g + 40 = -2*g. Let j = -6 + g. Let f = j - -21. Calculate the remainder when f is divided by 4.
1
Suppose 0 = -17*c + 1564 - 68. Calculate the remainder when 170 is divided by c.
82
Let g(s) = 7*s**2 - 8*s + 1. Let h(a) = -7*a**2 + 7*a - 1. Let n(i) = -4*g(i) - 5*h(i). Calculate the remainder when n(-3) is divided by 25.
23
What is the remainder when 72*((5 - 8/2) + 0) is divided by 19?
15
Suppose -16*q = -3*q - 3887. What is the remainder when q is divided by 2?
1
Let k(q) = -21*q + 62. What is the remainder when k(-6) is divided by 32?
28
Suppose -4*w = -2*g - 118, 4*w - 139 = -5*g - 0*g. Suppose -312 + 864 = 6*y. What is the remainder when y is divided by w?
30
Suppose 0 = 4*q - 20, q - 70 = -u + 51. What is the remainder when u is divided by 9?
8
Suppose 0 = -2*v - 2 + 10. Suppose -1 = j + v. Let w(s) = -s + 14. What is the remainder when 73 is divided by w(j)?
16
Suppose 0 = 4*p - 3*c - 34, 0 = -c - 1 - 1. Let x(u) = -12*u - 116. What is the remainder when x(-13) is divided by p?
5
Suppose -5*v = -0*v. Suppose 2*r + q + 14 + 88 = 0, v = -2*q. Calculate the remainder when 67 is divided by r*(-1 + 4/6).
16
Suppose 2*x = -5*o + 14, -4*o - 2*x + 13 = 3. Let t be (1/(-3))/(1/(-6)). Suppose 0*a + t*a - 6 = 0. What is the remainder when o is divided by a?
1
Let m = -26 - -28. Suppose -5*z + m = p, p + 2*z = -0*p + 8. Calculate the remainder when 34 is divided by p.
10
Suppose -36*z - 455 = -43*z. Suppose -5*b - 3*j + z = 0, 3*b - 5*j = -0*j + 39. Calculate the remainder when 44 is divided by b.
5
What is the remainder when 67 is divided by 1/((-7)/(1302/(-6)))?
5
Suppose 0 = 5*b - 2*v - 35, b + 3*b + 4*v = 0. Suppose 0 = b*g - g - 4. Calculate the remainder when 3 is divided by g.
0
Suppose -4*s + 47 = -3*p - 21, -4*s + 44 = 3*p. Let z = 14 - s. Suppose 0 = -g - z*g - 2*y + 46, y = 5*g - 219. What is the remainder when g is divided by 23?
21
Suppose -11*x = 3*x - 56. Suppose -5*j + 233 - 33 = 5*w, x = 4*w. Let h = -14 - -28. Calculate the remainder when j is divided by h.
11
Suppose 5*c - 11*c + 288 = 0. What is the remainder when c is divided by 18?
12
Suppose 1412 + 46 = 54*n. Calculate the remainder when ((-212)/(-6))/(1/3) is divided by n.
25
Let u = 1087 - 1038. What is the remainder when 75 is divided by u?
26
Suppose i - 5 = -4*b, 3*b + i - 5 = b. Let m(d) = -d**3 + d**2 + d + 7. Calculate the remainder when 31 is divided by m(b).
3
What is the remainder when 446/6 + (-2)/6 is divided by 10 - ((-2)/2 + 10 + -6)?
4
Let k(o) = -14*o + 31. Let b be k(7). Let y = b - -78. Calculate the remainder when 27 is divided by y.
5
Suppose 3*o - 3*s = -63, -4*o + 7*o - s = -63. Let l = o - -32. What is the remainder when 43 is divided by l?
10
Let u(o) = -o**2 - 9*o - 7. Suppose -2*v = 3*v + 840. Calculate the remainder when (6/(-4))/(4/v) is divided by u(-5).
11
Suppose -52 = -2*t - 3*n, -4*t + n - 4*n = -92. What is the remainder when 29 is divided by t?
9
Suppose -3*t = -9, -198 = -3*j - t - 4*t. Suppose -13 = -4*o - 5*v + 53, -5*o + 114 = v. What is the remainder when j is divided by o?
13
Calculate the remainder when 568 is divided by 646/19 + 0 + -5 + 1.
28
Let l be -123*((-2 - 2) + 5). Let b = 463 + l. Suppose 3*q - b - 98 = 0. What is the remainder when q is divided by 37?
35
Let p(h) = -9*h + 5*h + 5 - 4 - 11. Calculate the remainder when 25 is divided by p(-5).
5
What is the remainder when 15*(-2)/(-5) + 29 is divided by 5?
0
Let w = 69 + -33. Calculate the remainder when 92 is divided by 666/w + (-2)/(-4).
16
Suppose 0 = -5*f + 139 + 1. What is the remainder when f is divided by 16?
12
Suppose 4*w + 0 = 8. Suppose 23*j = 1687 + 705. Suppose w*a = -2*a + j. Calculate the remainder when a is divided by 7.
5
Let k = -48 - -51. Suppose -2*u - 2*u = 4*y - 24, 3*y - k*u = 0. Calculate the remainder when 1 - 1*-1 - -1 is divided by y.
0
Let a(x) = x**2 - 4. Let q(d) = -d**2 + 5. Let g(c) = -6*a(c) - 5*q(c). Let z be g(-1). Calculate the remainder when 9 - z/(-6)*0 is divided by 5.
4
Suppose 27*w + 49 = 34*w. Calculate the remainder when 44 is divided by w.
2
Let x = 82 - 95. What is the remainder when 96 is divided by 3/(x + -2) - (-1722)/35?
47
Suppose -2*k - g = -k - 1298, -6526 = -5*k + 4*g. Calculate the remainder when k is divided by 15.
12
Let k be 3/(12/(-16)) + -2. Suppose 4*z - 31 = 5*b, -5*z + 2*z + 4*b = -23. What is the remainder when (-69)/2*k/z is divided by 8?
7
Let k = -16 + -92. Let r = 158 + k. Calculate the remainder when r is divided by 14.
8
What is the remainder when 41 is divided by -3 + -6*(-8)/6?
1
Suppose 0 = 2*s + 5*j - 284, -s + 4*j - 556 = -5*s. Let d = 314 - s. What is the remainder when d is divided by 36?
33
Suppose 2*d + 0*q - q = 13, -2*q = -3*d + 21. Suppose -10 = -3*z + d. What is the remainder when 32 is divided by z?
2
Let f be 0 - 132 - (33 - 38). Let l = f + 137. Calculate the remainder when 18 is divided by l.
8
Let t = 25 - 15. Suppose 0 = 3*f + 4*r - 104, 4*f + 0*r - 118 = 5*r. Let o = 59 - f. Calculate the remainder when o is divided by t.
7
Suppose 8 = 5*q - q. Suppose -4*f - 89 = -3*i, -5*i + q*i + f = -83. Suppose -15*t + 234 = -12*t. What is the remainder when t is divided by i?
24
Let y(z) = z. Let b = -40 + 43. What is the remainder when -2*2 + (b - -10) is divided by y(6)?
3
Suppose -2*i = 2*g + 72 - 122, i = -4*g + 7. Suppose -4*r = 3*k + k - 52, -20 = 5*k. What is the remainder when i is divided by r?
14
Let q = -13 - -35. Suppose 545*i = 589*i - 352. What is the remainder when q is divided by i?
6
Let q = -2388 - -2515. What is the remainder when 263 is divided by q?
9
Let d(z) = z**2 - 10*z + 3. Let b be d(10). Suppose -b*m - 169 = 4*v, 3*m = 4*v + m + 154. What is the remainder when 17 is divided by 30/(-4)*48/v?
8
Suppose -3*z - 68 = -4*j - 23, 4*